f 4190604?
0
What is the hundred thousands digit of 189056079?
0
What is the hundreds digit of 404946145?
1
What is the units digit of 71302846?
6
What is the hundred thousands digit of 2191909553?
9
What is the hundreds digit of 324268628?
6
What is the ten millions digit of 26854595?
2
What is the hundred millions digit of 2400430760?
4
What is the thousands digit of 605222916?
2
What is the units digit of 557443077?
7
What is the hundred millions digit of 980376431?
9
What is the tens digit of 330421234?
3
What is the ten millions digit of 10599346?
1
What is the hundreds digit of 64794595?
5
What is the tens digit of 178897572?
7
What is the thousands digit of 14719883?
9
What is the tens digit of 167278350?
5
What is the millions digit of 155853392?
5
What is the units digit of 3219202967?
7
What is the millions digit of 2733821446?
3
What is the thousands digit of 266693524?
3
What is the hundred millions digit of 2259784843?
2
What is the billions digit of 2653388580?
2
What is the hundred millions digit of 835873547?
8
What is the units digit of 44182174?
4
What is the hundred millions digit of 6708958279?
7
What is the units digit of 95326011?
1
What is the thousands digit of 1590610368?
0
What is the hundred millions digit of 357657755?
3
What is the ten thousands digit of 166551053?
5
What is the hundred millions digit of 2582275227?
5
What is the thousands digit of 68071991?
1
What is the hundred millions digit of 588197058?
5
What is the hundreds digit of 3248174297?
2
What is the billions digit of 3612893857?
3
What is the ten thousands digit of 5418101?
1
What is the ten thousands digit of 276321567?
2
What is the hundreds digit of 50108362?
3
What is the units digit of 565561710?
0
What is the ten millions digit of 3539166040?
3
What is the millions digit of 635068244?
5
What is the ten millions digit of 562992683?
6
What is the millions digit of 1988863593?
8
What is the thousands digit of 949165492?
5
What is the millions digit of 563196324?
3
What is the units digit of 1280077853?
3
What is the ten millions digit of 457034787?
5
What is the tens digit of 450921894?
9
What is the units digit of 3578674719?
9
What is the hundred thousands digit of 151871730?
8
What is the hundred thousands digit of 32867375?
8
What is the ten thousands digit of 7874310521?
1
What is the hundreds digit of 612691?
6
What is the units digit of 2565867591?
1
What is the units digit of 55422158?
8
What is the hundred thousands digit of 85674193?
6
What is the hundreds digit of 29765387?
3
What is the hundred thousands digit of 533335181?
3
What is the ten millions digit of 1000859278?
0
What is the hundreds digit of 3240106931?
9
What is the ten millions digit of 675417644?
7
What is the hundreds digit of 1634384157?
1
What is the hundreds digit of 192399144?
1
What is the units digit of 262233143?
3
What is the thousands digit of 268351474?
1
What is the thousands digit of 253860096?
0
What is the billions digit of 3859425768?
3
What is the thousands digit of 2290849482?
9
What is the hundred millions digit of 195958698?
1
What is the hundred thousands digit of 59244593?
2
What is the thousands digit of 466081103?
1
What is the ten millions digit of 49257434?
4
What is the hundred thousands digit of 186297407?
2
What is the hundred millions digit of 301192834?
3
What is the hundreds digit of 134958604?
6
What is the ten thousands digit of 116580544?
8
What is the tens digit of 61129576?
7
What is the thousands digit of 11318129?
8
What is the thousands digit of 2721102487?
2
What is the units digit of 74856213?
3
What is the millions digit of 59830432?
9
What is the ten millions digit of 80650942?
8
What is the tens digit of 275000034?
3
What is the hundred thousands digit of 116293475?
2
What is the hundred millions digit of 1238194929?
2
What is the millions digit of 14279206?
4
What is the ten thousands digit of 178951611?
5
What is the thousands digit of 343570591?
0
What is the ten millions digit of 1401141559?
0
What is the hundreds digit of 329415418?
4
What is the units digit of 2499594242?
2
What is the ten thousands digit of 122536263?
3
What is the hundred thousands digit of 43436896?
4
What is the millions digit of 25756359?
5
What is the ten millions digit of 185794302?
8
What is the hundred millions digit of 273392564?
2
What is the millions digit of 28968839?
8
What is the millions digit of 175811758?
5
What is the units digit of 213888931?
1
What is the hundred thousands digit of 1549055422?
0
What is the millions digit of 826348669?
6
What is the units digit of 233207549?
9
What is the hundreds digit of 35637549?
5
What is the thousands digit of 14593466?
3
What is the hundred thousands digit of 534251755?
2
What is the hundreds digit of 605725378?
3
What is the units digit of 1287145915?
5
What is the hundred millions digit of 773815446?
7
What is the tens digit of 752691716?
1
What is the hundreds digit of 1184328810?
8
What is the hundred thousands digit of 269469992?
4
What is the units digit of 2766982065?
5
What is the ten thousands digit of 292910091?
1
What is the millions digit of 1567463440?
7
What is the thousands digit of 64473599?
3
What is the millions digit of 121474932?
1
What is the tens digit of 415592639?
3
What is the hundred millions digit of 4687385000?
6
What is the millions digit of 321730975?
1
What is the thousands digit of 56437804?
7
What is the millions digit of 336140246?
6
What is the hundred millions digit of 128792444?
1
What is the thousands digit of 3626541?
6
What is the hundreds digit of 22167753?
7
What is the thousands digit of 24832558?
2
What is the hundred millions digit of 930505130?
9
What is the units digit of 259588445?
5
What is the hundred thousands digit of 136630508?
6
What is the units digit of 1037985666?
6
What is the units digit of 1148422321?
1
What is the hundreds digit of 502697465?
4
What is the millions digit of 145737219?
5
What is the hundred millions digit of 438907271?
4
What is the hundreds digit of 3594357141?
1
What is the millions digit of 61397052?
1
What is the thousands digit of 306667008?
7
What is the thousands digit of 21902567?
2
What is the tens digit of 2613228006?
0
What is the millions digit of 112154552?
2
What is the ten thousands digit of 390876703?
7
What is the ten millions digit of 134347921?
3
What is the ten thousands digit of 187003793?
0
What is the hundred millions digit of 2414280142?
4
What is the millions digit of 69128988?
9
What is the ten thousands digit of 1613738?
1
What is the ten millions digit of 66739764?
6
What is the ten thousands digit of 379493052?
9
What is the millions digit of 11183443?
1
What is the tens digit of 37691518?
1
What is the units digit of 62832546?
6
What is the millions digit of 247361196?
7
What is the hundreds digit of 574837149?
1
What is the thousands digit of 192232119?
2
What is the millions digit of 448221955?
8
What is the hundred millions digit of 165583696?
1
What is the millions digit of 637288655?
7
What is the thousands digit of 535288905?
8
What is the thousands digit of 1226770568?
0
What is the tens digit of 21955494?
9
What is the hundred millions digit of 264872710?
2
What is the tens digit of 78120579?
7
What is the units digit of 382186611?
1
What is the units digit of 4585439?
9
What is the thousands digit of 61910520?
0
What is the hundred millions digit of 503256190?
5
What is the ten millions digit of 143672839?
4
What is the millions digit of 188405589?
8
What is the billions digit of 1290035138?
1
What is the tens digit of 118518666?
6
What is the hundred thousands digit of 937632813?
6
What is the units digit of 6352628454?
4
What is the tens digit of 80300876?
7
What is the ten thousands digit of 419204721?
0
What is the hundred thousands digit of 5887527205?
5
What is the ten millions digit of 7359762211?
5
What is the hundreds digit of 281126495?
4
What is the hundred thousands digit of 33655401?
6
What is the units digit of 1386509621?
1
What is the ten millions digit of 3057756219?
5
What is the hundred thousands digit of 76346718?
3
What is the billions digit of 1612269784?
1
What is the hundred millions digit of 2346551506?
3
What is the ten thousands digit of 2207239332?